{"id":7272,"date":"2025-02-05T18:09:07","date_gmt":"2025-02-05T17:09:07","guid":{"rendered":"https:\/\/optima.yvonnefuertes.com\/fondation-optima-retail\/"},"modified":"2025-03-20T10:40:25","modified_gmt":"2025-03-20T09:40:25","slug":"rsc","status":"publish","type":"page","link":"https:\/\/optimaretail.eu\/fr\/rsc\/","title":{"rendered":"Fondation Optima Retail"},"content":{"rendered":"\t\t<div data-elementor-type=\"wp-page\" data-elementor-id=\"7272\" class=\"elementor elementor-7272 elementor-76\" data-elementor-post-type=\"page\">\n\t\t\t\t<div class=\"elementor-element elementor-element-0b43038 e-flex e-con-boxed e-con e-parent\" data-id=\"0b43038\" data-element_type=\"container\" data-e-type=\"container\">\n\t\t\t\t\t<div class=\"e-con-inner\">\n\t\t<div class=\"elementor-element elementor-element-15e87b3 e-con-full e-flex e-con e-child\" data-id=\"15e87b3\" data-element_type=\"container\" data-e-type=\"container\" data-settings=\"{&quot;background_background&quot;:&quot;classic&quot;}\">\n\t\t\t\t<\/div>\n\t\t<div class=\"elementor-element elementor-element-aa39956 e-con-full e-flex e-con e-child\" data-id=\"aa39956\" data-element_type=\"container\" data-e-type=\"container\">\n\t\t\t\t<div class=\"elementor-element elementor-element-2fc6a25 elementor-widget elementor-widget-image\" data-id=\"2fc6a25\" data-element_type=\"widget\" data-e-type=\"widget\" data-widget_type=\"image.default\">\n\t\t\t\t\t\t\t\t\t\t\t\t\t\t\t\t<a href=\"https:\/\/www.fundaciooptimaretail.com\/es\" target=\"_blank\">\n\t\t\t\t\t\t\t<img fetchpriority=\"high\" decoding=\"async\" width=\"791\" height=\"194\" src=\"https:\/\/optimaretail.eu\/wp-content\/uploads\/2025\/03\/fondazione-optima-retail.svg\" class=\"attachment-large size-large wp-image-4841\" alt=\"Optima Retail Foundation\" \/>\t\t\t\t\t\t\t\t<\/a>\n\t\t\t\t\t\t\t\t\t\t\t\t\t\t\t<\/div>\n\t\t\t\t<div class=\"elementor-element elementor-element-a94dd22 elementor-widget elementor-widget-heading\" data-id=\"a94dd22\" data-element_type=\"widget\" data-e-type=\"widget\" data-widget_type=\"heading.default\">\n\t\t\t\t\t<h2 class=\"elementor-heading-title elementor-size-default\">Share love,\njoy and kindness<\/h2>\t\t\t\t<\/div>\n\t\t\t\t<div class=\"elementor-element elementor-element-5aa5c8b elementor-widget elementor-widget-text-editor\" data-id=\"5aa5c8b\" data-element_type=\"widget\" data-e-type=\"widget\" data-widget_type=\"text-editor.default\">\n\t\t\t\t\t\t\t\t\t<p>Avec pour objectif de promouvoir le d\u00e9veloppement int\u00e9gral et de cr\u00e9er un changement positif, la Fondation Optima Retail se pr\u00e9sente comme un espoir pour les jeunes membres de notre communaut\u00e9.<\/p><p>Nous nous concentrons sur la fourniture de soutien, de ressources et d&rsquo;assistance aux enfants qui en ont le plus besoin. <strong>Notre objectif est clair : travailler sans rel\u00e2che pour leur offrir une enfance pleine d&rsquo;opportunit\u00e9s et d&rsquo;espoir.<\/strong><\/p><p>Dans notre mission, nous abordons divers aspects essentiels tels que le d\u00e9veloppement cognitif, social et le bien-\u00eatre \u00e9motionnel. Chaque action que nous entreprenons vise \u00e0 promouvoir le d\u00e9veloppement int\u00e9gral de chaque enfant. <\/p>\t\t\t\t\t\t\t\t<\/div>\n\t\t\t\t<div class=\"elementor-element elementor-element-3b79474 elementor-widget elementor-widget-button\" data-id=\"3b79474\" data-element_type=\"widget\" data-e-type=\"widget\" data-widget_type=\"button.default\">\n\t\t\t\t\t\t\t\t\t\t<a class=\"elementor-button elementor-button-link elementor-size-sm\" href=\"https:\/\/www.fundaciooptimaretail.com\/es\" target=\"_blank\">\n\t\t\t\t\t\t<span class=\"elementor-button-content-wrapper\">\n\t\t\t\t\t\t\t\t\t<span class=\"elementor-button-text\">Savoir plus<\/span>\n\t\t\t\t\t<\/span>\n\t\t\t\t\t<\/a>\n\t\t\t\t\t\t\t\t<\/div>\n\t\t\t\t<\/div>\n\t\t\t\t\t<\/div>\n\t\t\t\t<\/div>\n\t\t\t\t<\/div>\n\t\t","protected":false},"excerpt":{"rendered":"<p>Share love, joy and kindness Avec pour objectif de promouvoir le d\u00e9veloppement int\u00e9gral et de cr\u00e9er un changement positif, la Fondation Optima Retail se pr\u00e9sente comme un espoir pour les jeunes membres de notre communaut\u00e9. Nous nous concentrons sur la fourniture de soutien, de ressources et d&rsquo;assistance aux enfants qui en ont le plus besoin. [&hellip;]<\/p>\n","protected":false},"author":5,"featured_media":0,"parent":0,"menu_order":0,"comment_status":"closed","ping_status":"closed","template":"","meta":{"_acf_changed":false,"rop_custom_images_group":[],"rop_custom_messages_group":[],"rop_publish_now":"initial","rop_publish_now_accounts":{"facebook_122097394580933375_751730124684203":""},"rop_publish_now_history":[],"rop_publish_now_status":"pending","footnotes":""},"class_list":["post-7272","page","type-page","status-publish","hentry"],"acf":[],"yoast_head":"<!-- This site is optimized with the Yoast SEO plugin v27.3 - https:\/\/yoast.com\/product\/yoast-seo-wordpress\/ -->\n<title>Fondation Optima Retail | Optima Retail<\/title>\n<meta name=\"robots\" content=\"index, follow, max-snippet:-1, max-image-preview:large, max-video-preview:-1\" \/>\n<link rel=\"canonical\" href=\"https:\/\/optimaretail.eu\/fr\/rsc\/\" \/>\n<meta property=\"og:locale\" content=\"fr_FR\" \/>\n<meta property=\"og:type\" content=\"article\" \/>\n<meta property=\"og:title\" content=\"Fondation Optima Retail | Optima Retail\" \/>\n<meta property=\"og:description\" content=\"Share love, joy and kindness Avec pour objectif de promouvoir le d\u00e9veloppement int\u00e9gral et de cr\u00e9er un changement positif, la Fondation Optima Retail se pr\u00e9sente comme un espoir pour les jeunes membres de notre communaut\u00e9. Nous nous concentrons sur la fourniture de soutien, de ressources et d&rsquo;assistance aux enfants qui en ont le plus besoin. [&hellip;]\" \/>\n<meta property=\"og:url\" content=\"https:\/\/optimaretail.eu\/fr\/rsc\/\" \/>\n<meta property=\"og:site_name\" content=\"Optima Retail\" \/>\n<meta property=\"article:publisher\" content=\"https:\/\/www.facebook.com\/people\/Optima-Retail-SL\/61578005819425\/\" \/>\n<meta property=\"article:modified_time\" content=\"2025-03-20T09:40:25+00:00\" \/>\n<meta name=\"twitter:card\" content=\"summary_large_image\" \/>\n<meta name=\"twitter:label1\" content=\"Est. reading time\" \/>\n\t<meta name=\"twitter:data1\" content=\"1 minute\" \/>\n<script type=\"application\/ld+json\" class=\"yoast-schema-graph\">{\"@context\":\"https:\\\/\\\/schema.org\",\"@graph\":[{\"@type\":\"WebPage\",\"@id\":\"https:\\\/\\\/optimaretail.eu\\\/fr\\\/rsc\\\/\",\"url\":\"https:\\\/\\\/optimaretail.eu\\\/fr\\\/rsc\\\/\",\"name\":\"Fondation Optima Retail | Optima Retail\",\"isPartOf\":{\"@id\":\"https:\\\/\\\/optimaretail.eu\\\/fr\\\/#website\"},\"primaryImageOfPage\":{\"@id\":\"https:\\\/\\\/optimaretail.eu\\\/fr\\\/rsc\\\/#primaryimage\"},\"image\":{\"@id\":\"https:\\\/\\\/optimaretail.eu\\\/fr\\\/rsc\\\/#primaryimage\"},\"thumbnailUrl\":\"https:\\\/\\\/optimaretail.eu\\\/wp-content\\\/uploads\\\/2025\\\/03\\\/fondazione-optima-retail.svg\",\"datePublished\":\"2025-02-05T17:09:07+00:00\",\"dateModified\":\"2025-03-20T09:40:25+00:00\",\"breadcrumb\":{\"@id\":\"https:\\\/\\\/optimaretail.eu\\\/fr\\\/rsc\\\/#breadcrumb\"},\"inLanguage\":\"fr-FR\",\"potentialAction\":[{\"@type\":\"ReadAction\",\"target\":[\"https:\\\/\\\/optimaretail.eu\\\/fr\\\/rsc\\\/\"]}]},{\"@type\":\"ImageObject\",\"inLanguage\":\"fr-FR\",\"@id\":\"https:\\\/\\\/optimaretail.eu\\\/fr\\\/rsc\\\/#primaryimage\",\"url\":\"https:\\\/\\\/optimaretail.eu\\\/wp-content\\\/uploads\\\/2025\\\/03\\\/fondazione-optima-retail.svg\",\"contentUrl\":\"https:\\\/\\\/optimaretail.eu\\\/wp-content\\\/uploads\\\/2025\\\/03\\\/fondazione-optima-retail.svg\"},{\"@type\":\"BreadcrumbList\",\"@id\":\"https:\\\/\\\/optimaretail.eu\\\/fr\\\/rsc\\\/#breadcrumb\",\"itemListElement\":[{\"@type\":\"ListItem\",\"position\":1,\"name\":\"Optima Retail\",\"item\":\"https:\\\/\\\/optimaretail.eu\\\/fr\\\/\"},{\"@type\":\"ListItem\",\"position\":2,\"name\":\"Fondation Optima Retail\"}]},{\"@type\":\"WebSite\",\"@id\":\"https:\\\/\\\/optimaretail.eu\\\/fr\\\/#website\",\"url\":\"https:\\\/\\\/optimaretail.eu\\\/fr\\\/\",\"name\":\"Optima Retail\",\"description\":\"Maintenance de d\u00e9tail\",\"publisher\":{\"@id\":\"https:\\\/\\\/optimaretail.eu\\\/fr\\\/#organization\"},\"potentialAction\":[{\"@type\":\"SearchAction\",\"target\":{\"@type\":\"EntryPoint\",\"urlTemplate\":\"https:\\\/\\\/optimaretail.eu\\\/fr\\\/?s={search_term_string}\"},\"query-input\":{\"@type\":\"PropertyValueSpecification\",\"valueRequired\":true,\"valueName\":\"search_term_string\"}}],\"inLanguage\":\"fr-FR\"},{\"@type\":\"Organization\",\"@id\":\"https:\\\/\\\/optimaretail.eu\\\/fr\\\/#organization\",\"name\":\"Optima Retail\",\"url\":\"https:\\\/\\\/optimaretail.eu\\\/fr\\\/\",\"logo\":{\"@type\":\"ImageObject\",\"inLanguage\":\"fr-FR\",\"@id\":\"https:\\\/\\\/optimaretail.eu\\\/fr\\\/#\\\/schema\\\/logo\\\/image\\\/\",\"url\":\"https:\\\/\\\/optimaretail.eu\\\/wp-content\\\/uploads\\\/2025\\\/02\\\/kit-por-defecto.svg\",\"contentUrl\":\"https:\\\/\\\/optimaretail.eu\\\/wp-content\\\/uploads\\\/2025\\\/02\\\/kit-por-defecto.svg\",\"width\":499,\"height\":93,\"caption\":\"Optima Retail\"},\"image\":{\"@id\":\"https:\\\/\\\/optimaretail.eu\\\/fr\\\/#\\\/schema\\\/logo\\\/image\\\/\"},\"sameAs\":[\"https:\\\/\\\/www.facebook.com\\\/people\\\/Optima-Retail-SL\\\/61578005819425\\\/\"]}]}<\/script>\n<!-- \/ Yoast SEO plugin. -->","yoast_head_json":{"title":"Fondation Optima Retail | Optima Retail","robots":{"index":"index","follow":"follow","max-snippet":"max-snippet:-1","max-image-preview":"max-image-preview:large","max-video-preview":"max-video-preview:-1"},"canonical":"https:\/\/optimaretail.eu\/fr\/rsc\/","og_locale":"fr_FR","og_type":"article","og_title":"Fondation Optima Retail | Optima Retail","og_description":"Share love, joy and kindness Avec pour objectif de promouvoir le d\u00e9veloppement int\u00e9gral et de cr\u00e9er un changement positif, la Fondation Optima Retail se pr\u00e9sente comme un espoir pour les jeunes membres de notre communaut\u00e9. Nous nous concentrons sur la fourniture de soutien, de ressources et d&rsquo;assistance aux enfants qui en ont le plus besoin. [&hellip;]","og_url":"https:\/\/optimaretail.eu\/fr\/rsc\/","og_site_name":"Optima Retail","article_publisher":"https:\/\/www.facebook.com\/people\/Optima-Retail-SL\/61578005819425\/","article_modified_time":"2025-03-20T09:40:25+00:00","twitter_card":"summary_large_image","twitter_misc":{"Est. reading time":"1 minute"},"schema":{"@context":"https:\/\/schema.org","@graph":[{"@type":"WebPage","@id":"https:\/\/optimaretail.eu\/fr\/rsc\/","url":"https:\/\/optimaretail.eu\/fr\/rsc\/","name":"Fondation Optima Retail | Optima Retail","isPartOf":{"@id":"https:\/\/optimaretail.eu\/fr\/#website"},"primaryImageOfPage":{"@id":"https:\/\/optimaretail.eu\/fr\/rsc\/#primaryimage"},"image":{"@id":"https:\/\/optimaretail.eu\/fr\/rsc\/#primaryimage"},"thumbnailUrl":"https:\/\/optimaretail.eu\/wp-content\/uploads\/2025\/03\/fondazione-optima-retail.svg","datePublished":"2025-02-05T17:09:07+00:00","dateModified":"2025-03-20T09:40:25+00:00","breadcrumb":{"@id":"https:\/\/optimaretail.eu\/fr\/rsc\/#breadcrumb"},"inLanguage":"fr-FR","potentialAction":[{"@type":"ReadAction","target":["https:\/\/optimaretail.eu\/fr\/rsc\/"]}]},{"@type":"ImageObject","inLanguage":"fr-FR","@id":"https:\/\/optimaretail.eu\/fr\/rsc\/#primaryimage","url":"https:\/\/optimaretail.eu\/wp-content\/uploads\/2025\/03\/fondazione-optima-retail.svg","contentUrl":"https:\/\/optimaretail.eu\/wp-content\/uploads\/2025\/03\/fondazione-optima-retail.svg"},{"@type":"BreadcrumbList","@id":"https:\/\/optimaretail.eu\/fr\/rsc\/#breadcrumb","itemListElement":[{"@type":"ListItem","position":1,"name":"Optima Retail","item":"https:\/\/optimaretail.eu\/fr\/"},{"@type":"ListItem","position":2,"name":"Fondation Optima Retail"}]},{"@type":"WebSite","@id":"https:\/\/optimaretail.eu\/fr\/#website","url":"https:\/\/optimaretail.eu\/fr\/","name":"Optima Retail","description":"Maintenance de d\u00e9tail","publisher":{"@id":"https:\/\/optimaretail.eu\/fr\/#organization"},"potentialAction":[{"@type":"SearchAction","target":{"@type":"EntryPoint","urlTemplate":"https:\/\/optimaretail.eu\/fr\/?s={search_term_string}"},"query-input":{"@type":"PropertyValueSpecification","valueRequired":true,"valueName":"search_term_string"}}],"inLanguage":"fr-FR"},{"@type":"Organization","@id":"https:\/\/optimaretail.eu\/fr\/#organization","name":"Optima Retail","url":"https:\/\/optimaretail.eu\/fr\/","logo":{"@type":"ImageObject","inLanguage":"fr-FR","@id":"https:\/\/optimaretail.eu\/fr\/#\/schema\/logo\/image\/","url":"https:\/\/optimaretail.eu\/wp-content\/uploads\/2025\/02\/kit-por-defecto.svg","contentUrl":"https:\/\/optimaretail.eu\/wp-content\/uploads\/2025\/02\/kit-por-defecto.svg","width":499,"height":93,"caption":"Optima Retail"},"image":{"@id":"https:\/\/optimaretail.eu\/fr\/#\/schema\/logo\/image\/"},"sameAs":["https:\/\/www.facebook.com\/people\/Optima-Retail-SL\/61578005819425\/"]}]}},"_links":{"self":[{"href":"https:\/\/optimaretail.eu\/fr\/wp-json\/wp\/v2\/pages\/7272","targetHints":{"allow":["GET"]}}],"collection":[{"href":"https:\/\/optimaretail.eu\/fr\/wp-json\/wp\/v2\/pages"}],"about":[{"href":"https:\/\/optimaretail.eu\/fr\/wp-json\/wp\/v2\/types\/page"}],"author":[{"embeddable":true,"href":"https:\/\/optimaretail.eu\/fr\/wp-json\/wp\/v2\/users\/5"}],"replies":[{"embeddable":true,"href":"https:\/\/optimaretail.eu\/fr\/wp-json\/wp\/v2\/comments?post=7272"}],"version-history":[{"count":1,"href":"https:\/\/optimaretail.eu\/fr\/wp-json\/wp\/v2\/pages\/7272\/revisions"}],"predecessor-version":[{"id":9196,"href":"https:\/\/optimaretail.eu\/fr\/wp-json\/wp\/v2\/pages\/7272\/revisions\/9196"}],"wp:attachment":[{"href":"https:\/\/optimaretail.eu\/fr\/wp-json\/wp\/v2\/media?parent=7272"}],"curies":[{"name":"wp","href":"https:\/\/api.w.org\/{rel}","templated":true}]}}

<div data-elementor-type="wp-page" data-elementor-id="7272" class="elementor elementor-7272 elementor-76" data-elementor-post-type="page">
				<div class="elementor-element elementor-element-0b43038 e-flex e-con-boxed e-con e-parent" data-id="0b43038" data-element_type="container" data-e-type="container">
					<div class="e-con-inner">
		<div class="elementor-element elementor-element-15e87b3 e-con-full e-flex e-con e-child" data-id="15e87b3" data-element_type="container" data-e-type="container" data-settings="{&quot;background_background&quot;:&quot;classic&quot;}">
				</div>
		<div class="elementor-element elementor-element-aa39956 e-con-full e-flex e-con e-child" data-id="aa39956" data-element_type="container" data-e-type="container">
				<div class="elementor-element elementor-element-2fc6a25 elementor-widget elementor-widget-image" data-id="2fc6a25" data-element_type="widget" data-e-type="widget" data-widget_type="image.default">
																<a href="https://www.fundaciooptimaretail.com/es" target="_blank">
							<img fetchpriority="high" decoding="async" width="791" height="194" src="https://optimaretail.eu/wp-content/uploads/2025/03/fondazione-optima-retail.svg" class="attachment-large size-large wp-image-4841" alt="Optima Retail Foundation" />								</a>
															</div>
				<div class="elementor-element elementor-element-a94dd22 elementor-widget elementor-widget-heading" data-id="a94dd22" data-element_type="widget" data-e-type="widget" data-widget_type="heading.default">
					<h2 class="elementor-heading-title elementor-size-default">Share love,
joy and kindness</h2>				</div>
				<div class="elementor-element elementor-element-5aa5c8b elementor-widget elementor-widget-text-editor" data-id="5aa5c8b" data-element_type="widget" data-e-type="widget" data-widget_type="text-editor.default">
									<p>Avec pour objectif de promouvoir le développement intégral et de créer un changement positif, la Fondation Optima Retail se présente comme un espoir pour les jeunes membres de notre communauté.</p><p>Nous nous concentrons sur la fourniture de soutien, de ressources et d&rsquo;assistance aux enfants qui en ont le plus besoin. <strong>Notre objectif est clair : travailler sans relâche pour leur offrir une enfance pleine d&rsquo;opportunités et d&rsquo;espoir.</strong></p><p>Dans notre mission, nous abordons divers aspects essentiels tels que le développement cognitif, social et le bien-être émotionnel. Chaque action que nous entreprenons vise à promouvoir le développement intégral de chaque enfant. </p>								</div>
				<div class="elementor-element elementor-element-3b79474 elementor-widget elementor-widget-button" data-id="3b79474" data-element_type="widget" data-e-type="widget" data-widget_type="button.default">
										<a class="elementor-button elementor-button-link elementor-size-sm" href="https://www.fundaciooptimaretail.com/es" target="_blank">
						<span class="elementor-button-content-wrapper">
									<span class="elementor-button-text">Savoir plus</span>
					</span>
					</a>
								</div>
				</div>
					</div>
				</div>
				</div>

<p>Share love, joy and kindness Avec pour objectif de promouvoir le développement intégral et de créer un changement positif, la Fondation Optima Retail se présente comme un espoir pour les jeunes membres de notre communauté. Nous nous concentrons sur la fourniture de soutien, de ressources et d&rsquo;assistance aux enfants qui en ont le plus besoin. [&hellip;]</p>

<!-- This site is optimized with the Yoast SEO plugin v27.3 - https://yoast.com/product/yoast-seo-wordpress/ -->
<title>Fondation Optima Retail | Optima Retail</title>
<meta name="robots" content="index, follow, max-snippet:-1, max-image-preview:large, max-video-preview:-1" />
<link rel="canonical" href="https://optimaretail.eu/fr/rsc/" />
<meta property="og:locale" content="fr_FR" />
<meta property="og:type" content="article" />
<meta property="og:title" content="Fondation Optima Retail | Optima Retail" />
<meta property="og:description" content="Share love, joy and kindness Avec pour objectif de promouvoir le développement intégral et de créer un changement positif, la Fondation Optima Retail se présente comme un espoir pour les jeunes membres de notre communauté. Nous nous concentrons sur la fourniture de soutien, de ressources et d&rsquo;assistance aux enfants qui en ont le plus besoin. [&hellip;]" />
<meta property="og:url" content="https://optimaretail.eu/fr/rsc/" />
<meta property="og:site_name" content="Optima Retail" />
<meta property="article:publisher" content="https://www.facebook.com/people/Optima-Retail-SL/61578005819425/" />
<meta property="article:modified_time" content="2025-03-20T09:40:25+00:00" />
<meta name="twitter:card" content="summary_large_image" />
<meta name="twitter:label1" content="Est. reading time" />
	<meta name="twitter:data1" content="1 minute" />
<script type="application/ld+json" class="yoast-schema-graph">{"@context":"https:\/\/schema.org","@graph":[{"@type":"WebPage","@id":"https:\/\/optimaretail.eu\/fr\/rsc\/","url":"https:\/\/optimaretail.eu\/fr\/rsc\/","name":"Fondation Optima Retail | Optima Retail","isPartOf":{"@id":"https:\/\/optimaretail.eu\/fr\/#website"},"primaryImageOfPage":{"@id":"https:\/\/optimaretail.eu\/fr\/rsc\/#primaryimage"},"image":{"@id":"https:\/\/optimaretail.eu\/fr\/rsc\/#primaryimage"},"thumbnailUrl":"https:\/\/optimaretail.eu\/wp-content\/uploads\/2025\/03\/fondazione-optima-retail.svg","datePublished":"2025-02-05T17:09:07+00:00","dateModified":"2025-03-20T09:40:25+00:00","breadcrumb":{"@id":"https:\/\/optimaretail.eu\/fr\/rsc\/#breadcrumb"},"inLanguage":"fr-FR","potentialAction":[{"@type":"ReadAction","target":["https:\/\/optimaretail.eu\/fr\/rsc\/"]}]},{"@type":"ImageObject","inLanguage":"fr-FR","@id":"https:\/\/optimaretail.eu\/fr\/rsc\/#primaryimage","url":"https:\/\/optimaretail.eu\/wp-content\/uploads\/2025\/03\/fondazione-optima-retail.svg","contentUrl":"https:\/\/optimaretail.eu\/wp-content\/uploads\/2025\/03\/fondazione-optima-retail.svg"},{"@type":"BreadcrumbList","@id":"https:\/\/optimaretail.eu\/fr\/rsc\/#breadcrumb","itemListElement":[{"@type":"ListItem","position":1,"name":"Optima Retail","item":"https:\/\/optimaretail.eu\/fr\/"},{"@type":"ListItem","position":2,"name":"Fondation Optima Retail"}]},{"@type":"WebSite","@id":"https:\/\/optimaretail.eu\/fr\/#website","url":"https:\/\/optimaretail.eu\/fr\/","name":"Optima Retail","description":"Maintenance de détail","publisher":{"@id":"https:\/\/optimaretail.eu\/fr\/#organization"},"potentialAction":[{"@type":"SearchAction","target":{"@type":"EntryPoint","urlTemplate":"https:\/\/optimaretail.eu\/fr\/?s={search_term_string}"},"query-input":{"@type":"PropertyValueSpecification","valueRequired":true,"valueName":"search_term_string"}}],"inLanguage":"fr-FR"},{"@type":"Organization","@id":"https:\/\/optimaretail.eu\/fr\/#organization","name":"Optima Retail","url":"https:\/\/optimaretail.eu\/fr\/","logo":{"@type":"ImageObject","inLanguage":"fr-FR","@id":"https:\/\/optimaretail.eu\/fr\/#\/schema\/logo\/image\/","url":"https:\/\/optimaretail.eu\/wp-content\/uploads\/2025\/02\/kit-por-defecto.svg","contentUrl":"https:\/\/optimaretail.eu\/wp-content\/uploads\/2025\/02\/kit-por-defecto.svg","width":499,"height":93,"caption":"Optima Retail"},"image":{"@id":"https:\/\/optimaretail.eu\/fr\/#\/schema\/logo\/image\/"},"sameAs":["https:\/\/www.facebook.com\/people\/Optima-Retail-SL\/61578005819425\/"]}]}</script>
<!-- / Yoast SEO plugin. -->

Share love, joy and kindness Avec pour objectif de promouvoir le développement intégral et de créer un changement positif, la Fondation Optima Retail se présente comme un espoir pour les jeunes membres de notre communauté. Nous nous concentrons sur la fourniture de soutien, de ressources et d&rsquo;assistance aux enfants qui en ont le plus besoin. [&hellip;]

Maintenance de détail
